(m) = m**2 + 7*m - 3. Let r be k(-8). Suppose -3*y = -0*s + s - 49, -r*s + y + 277 = 0. Is s prime?
False
Suppose 0 = 3*i + 2 + 7. Is (i - 8/(-2)) + 128 a composite number?
True
Suppose -40 = -3*q - 2*q. Suppose 2*p - 5*w - 73 = 11, 0 = -4*w + q. Is p prime?
True
Suppose -l + v - 8 = 5*v, -l = -3*v + 29. Let q be (94/(-5))/(4/l). Suppose n = -n + q. Is n a prime number?
True
Let x(p) be the first derivative of 4*p**3/3 - p**2 - p + 1. Let i be x(-1). Suppose -5*v = -i*j - 270, -4*j = -3*v + j + 164. Is v a prime number?
True
Suppose 0 = -9*p - 0*p + 3771. Is p a prime number?
True
Suppose 3*x - x = 4. Suppose -x*w = -w. Suppose 2*n - 23 = 3*d - 112, w = -3*d + 4*n + 79. Is d prime?
False
Is ((-1)/4*-62 - 4)*46 a composite number?
True
Suppose 0 = -4*k + 24. Let b = 145 + 313. Is b/k + (-8)/(-12) a composite number?
True
Let q(j) be the third derivative of 0 - 1/4*j**4 + 0*j + 3*j**2 + 1/30*j**5 - 1/6*j**3. Is q(-5) a prime number?
True
Suppose 0 = q - n - 1, 2*q = 2*n - n + 1. Let l = q + 26. Is l a composite number?
True
Let b(l) = -13*l + 2. Let u(c) = -26*c + 3. Let m = 4 - 7. Let k(p) = m*u(p) + 5*b(p). Is k(12) a composite number?
False
Suppose g = a + 4*g - 8, 0 = -3*a + 3*g. Suppose 0 = a*n + 2*n + 4. Is (-4 + 3)/n + 121 composite?
True
Suppose -2*q = r + 2*q - 189, 696 = 4*r - 4*q. Is r composite?
True
Let g = 0 - -1. Let r = 1 - g. Suppose -3*q - 2*q + 35 = r. Is q a prime number?
True
Let l(v) = 4*v + 2. Let s be l(3). Let w = 0 + s. Suppose w = 2*q - 0*q. Is q a composite number?
False
Let j(k) = -k**2 + 5*k + 2. Let n be j(4). Suppose 5*i = -2*o + 60, -3*o = 3*i - n*o - 15. Is i a prime number?
False
Is (8 + -982)*(-2)/4 composite?
False
Is (-33)/(-55) + (-2504)/(-10) composite?
False
Let h be -1 + -2 + 2 + -5. Is (-3)/18 - 199/h composite?
True
Suppose -z = z + 5*f - 5, -5*z + f + 26 = 0. Suppose 0 = 5*q - 5*a - 1030, -2*q + z*a - 391 = -4*q. Is q a composite number?
True
Suppose 0 = -3*a - a. Is (-662 + a)*(-6)/12 a prime number?
True
Let b(k) = 1096*k - 17. Is b(3) a prime number?
True
Suppose -3*z = -114 + 6. Let f be (-30)/(-9)*z/10. Let a = f + -1. Is a a prime number?
True
Let x(q) = 5*q**2 - 4*q - 1. Let n(f) = -16*f**2 + 12*f + 3. Let s(j) = -3*n(j) - 8*x(j). Is s(-3) composite?
False
Let i be (-1)/5 + (-3044)/(-20). Let v = 245 - i. Is v prime?
False
Let c be ((-6)/(-9))/(-1)*-3. Let k be 2*(-1)/(-4)*c. Is k/(-4) + 639/12 a prime number?
True
Suppose 0 = 3*i + 3, i - 34 = -4*m + 3*i. Let c = -3 + m. Suppose -544 = -c*d - 59. Is d composite?
False
Let g(y) = y**2 - 2*y + 809. Is g(0) composite?
False
Let d(q) = q**3 + 4*q**2 + q - 5. Let l be d(-4). Is (-5 - -3 - l) + -1 a prime number?
False
Let q(r) = 12*r**2 + 10*r + 29. Is q(-9) prime?
True
Is (-7)/3*(-141)/1 composite?
True
Let t(w) = -7*w + 3. Let m(n) = -6*n**2 - 2*n - 1. Let x be m(-1). Let a be t(x). Suppose 5*q = a + 137. Is q prime?
False
Let v = 148 + -35. Is v a composite number?
False
Let g = 3 - 1. Suppose -g*d - 4 = -0. Is (-3)/(-6)*(64 + d) prime?
True
Let i(q) = -q**3 - 8*q**2 + q + 11. Let j be i(-8). Suppose 5*y + 2 = j*y. Is (1 - y)*(-97)/(-2) a prime number?
True
Let p(g) be the second derivative of g**4/3 + 5*g**3/6 - g**2/2 - 6*g. Is p(4) prime?
True
Let s be (-27)/(-6) - (-1)/2. Suppose 5*b - 286 = -s*y + 359, -5*b + 657 = 2*y. Is b composite?
True
Suppose -5*k + 44837 = 8*k. Is k composite?
False
Let n(o) = o + 133. Let r(q) = q**3 - 1. Let s be r(1). Is n(s) a prime number?
False
Let d(o) = o + 149. Let m(t) = -t + 2. Let g be m(0). Suppose -3*x = -g*x. Is d(x) prime?
True
Let f(w) = 4*w**2 - w + 2. Let c be f(-2). Suppose -g = -3*g + c. Is g prime?
False
Is ((-105633)/(-12))/1 - (-11)/44 a prime number?
True
Let p(c) = 2*c**3 - 8*c**2 - 4*c + 6. Let b be p(-5). Is ((-1)/2)/(4/b) a prime number?
True
Suppose 10 = 3*i - 2. Suppose -i = 3*l - 229. Suppose -n + l = 2*n. Is n a prime number?
False
Suppose -4*t - 2*x + 74 = 0, -t - 2*x = -x - 20. Suppose -t = -2*u + 25. Is u a prime number?
False
Let f be (2 - 5 - -34)*5. Suppose -f = -g - 4*g. Is g composite?
False
Let b(a) = 782*a - 9. Is b(4) a prime number?
True
Let d(v) = -2*v**3 - 11*v**2 - 7*v + 1. Is d(-6) a prime number?
True
Let u = 687 + -350. Is u composite?
False
Is 3/((-6)/1)*-4082 a composite number?
True
Is 9/6 + (-2675)/(-10) a composite number?
False
Is (-524)/(-16) - 3/(-12) composite?
True
Let q be 2 + -2 + 2 - -61. Let t be q/(-14)*(-4)/6. Suppose 3*w + 2*c = -t*c + 70, 3*w = 3*c + 30. Is w prime?
False
Let p(g) = 4*g**3 + g**2 - 1. Let y be p(1). Suppose -y*t - w = -625, w = 5*t + 2*w - 780. Is t a composite number?
True
Suppose 380 = 3*s + 2*s. Let i = 165 - s. Is i composite?
False
Let g(w) = w**3 - 2*w**2. Let y be g(2). Suppose -3*k + a + 2231 = y, 0 = -k + 5*k - 3*a - 2978. Is k prime?
True
Suppose -n - 45 = -2*z - 505, n = -z - 236. Let l = 485 + z. Is l composite?
True
Let b be 82 + 4/(2/1). Suppose -2*q + b + 104 = 0. Suppose 4*w - q - 54 = 0. Is w composite?
False
Let v(h) = -h**3 + 4*h**2 - h - 1. Let w be v(3). Suppose 2*b - w = -2*o + 7, -5*b + 38 = o. Suppose 54 = 2*y + b. Is y prime?
True
Let y(o) = 42*o - 4. Let l be y(5). Let i be l - (-1 - -3)/(-1). Let w = i - 119. Is w a composite number?
False
Let f be (-6)/(-27) - 9976/18. Let z = -321 - f. Is z a composite number?
False
Is (-1 - 2)/(-3)*2053 a prime number?
True
Let s(t) = -29*t**3 - 5*t**2 - 5*t - 6. Let z(h) = -30*h**3 - 4*h**2 - 4*h - 5. Let d(c) = -6*s(c) + 7*z(c). Suppose -2 = m - 1. Is d(m) composite?
False
Is (202 - 0)/((-16)/(-232)) composite?
True
Let o = 5 + 11. Suppose -7*x + o = -3*x. Let p(s) = 22*s - 3. Is p(x) a composite number?
True
Suppose 3*z = 5*z. Let t = z - -127. Is t composite?
False
Suppose u = -2*u + 21. Let t(o) = 2*o**2 - 4*o - 11. Is t(u) composite?
False
Is -1 - 2 - (-2397 + 1 + -2) prime?
False
Suppose 6 = -0*q + 3*q. Let k be q/(-7) + 471/7. Let j = -48 + k. Is j a prime number?
True
Let r be (-1)/(-1) - 4/(-1). Let j(k) = 4*k**2 - 4*k**2 + 5 + k**2 - 13*k + 10*k. Is j(r) a prime number?
False
Let j(b) = 1. Let f(w) = 4*w - 10. Let z(r) = -4*f(r) - 44*j(r). Let u(x) = x. Let m(d) = u(d) - z(d). Is m(3) prime?
False
Suppose -7*v - 10 = -2*v, 0 = 5*s + 5*v. Suppose -1315 = -5*u - 4*o, -s*u + 4*u - 2*o - 508 = 0. Is u a composite number?
True
Suppose -3*m + v = -106 - 130, -321 = -4*m - 5*v. Is m prime?
True
Suppose -5*z - b = -3*b - 6837, 2*b - 5466 = -4*z. Is z prime?
True
Suppose -3 - 1 = -2*j. Suppose -j*f + 520 = -3*u, 3*f = 4*u + 349 + 430. Is f composite?
False
Let o be (-14)/(-5) - (-4)/20. Suppose 7*t = o*t + 376. Is t a prime number?
False
Let b(u) = -u**3 + 3*u**2 - 5*u - 3. Let h be b(4). Suppose o - 339 = 2*j, -2*o + 0*o - 172 = j. Let c = h - j. Is c prime?
True
Suppose 4*m - 3*m - 777 = 0. Suppose 8*l + m = 11*l. Is l prime?
False
Is 4614/6 - (0 + -2) composite?
True
Let m be -6 + (1 - -5) + -2. Is 190 + m - (-3 + 4) prime?
False
Let y(t) = 5*t**2 - 2*t - 5. Let r be y(5). Suppose -3*k - 10 = o - 44, r = 5*o + 3*k. Is o a prime number?
True
Let f = -13 - -16. Suppose 4*p - 117 = 4*z + 1459, 0 = -4*p + f*z + 1575. Is p prime?
False
Suppose -4*x + 1497 = -283. Is x prime?
False
Let p be (-4)/14 + 447/21. Suppose 0*v - 3*v + 2*k - 1 = 0, -2*v = 3*k - p. Suppose -5*b + 118 = 2*t, b - v*b - t + 48 = 0. Is b a composite number?
True
Let a(g) = -6*g**3 - 3*g**2 - 11*g - 6. Let k(z) = 7*z**3 + 4*z**2 + 12*z + 7. Let m(f) = 6*a(f) + 5*k(f). Is m(-4) prime?
False
Suppose 5*l - 515 = -2*w + 181, 3*w + 426 = 3*l. Suppose -l = 2*m + 3*m + 2*i, 0 = -5*m - 4*i - 150. Is (m/(-2))/((-2)/(-10)) a composite number?
True
Suppose 2*j - 11 = -c, 2*c + 18 = -0*c + 4*j. Is (-1 + (-19 - c))*-1 a composite number?
True
Suppose -5*f = 2 - 17. Let h(c) = 3*c**3 + c**2 - 5*c + 2. Is h(f) a prime number?
False
Let d(p) = p**3 - p + 53. Suppose 0 = 5*h - 3*h. Is d(h) a prime number?
True
Suppose -4*m = -0*m + 40. Let i(s) = -s. Is i(m) prime?
False
Let n be ((-12)/9)/(4/(-6)). Suppose 4 = n*t - t. Suppose t*i - 135 - 5 = 0. Is i composite?
True
Let s(t) = 454*t + 5. Is s(3) prime?
True
Suppose 4*s + 1568 = 5*p, 4*s = 6*s - 4*p + 784. Let v = s - -723. Is v composite?
False
Let o = 382 - 169. Is o prime?
False
Suppose 0 = 2*j + 2*n - 2, -3*j + 0*n = -4*n - 17. Is j - 8*(2 + -33) prime?
True
